{"id":910,"date":"2023-04-27T17:55:22","date_gmt":"2023-04-27T20:55:22","guid":{"rendered":"https:\/\/ifdjcossio-crr.infd.edu.ar\/sitio\/?page_id=910"},"modified":"2025-11-27T17:33:43","modified_gmt":"2025-11-27T20:33:43","slug":"tecnicatura-superior-en-desarrollo-de-software","status":"publish","type":"page","link":"https:\/\/ifdjcossio-crr.infd.edu.ar\/sitio\/carreras-tecnicas\/tecnicatura-superior-en-desarrollo-de-software\/","title":{"rendered":"Tecnicatura Superior en Desarrollo de Software"},"content":{"rendered":"\n<p><\/p>\n\n\n\n<h5 class=\"wp-block-heading\">Establecimiento:&nbsp;<strong>Instituto Superior de Formaci\u00f3n Docente&nbsp;<\/strong><strong>\u00ab<\/strong>&nbsp;Juan Garc\u00eda de Cossio<strong>\u00bb<\/strong><\/h5>\n\n\n\n<h5 class=\"wp-block-heading\">Denominaci\u00f3n de la Carrera:&nbsp;<strong>\u201cTecnicatura Superior en Desarrollo de Software\u201d<\/strong><\/h5>\n\n\n\n<h5 class=\"wp-block-heading\">Decreto\/Resoluci\u00f3n:&nbsp;<strong>Resoluci\u00f3n N\u00b0 47\/13<\/strong><\/h5>\n\n\n\n<h5 class=\"wp-block-heading\">T\u00edtulo que otorga:&nbsp;<em>T\u00e9cnico Superior en Desarrollo de Software<\/em><\/h5>\n\n\n\n<h5 class=\"wp-block-heading\"><em>&nbsp;<\/em>Duraci\u00f3n de la carrera:&nbsp;<strong><em>Tres a\u00f1os<\/em><\/strong><\/h5>\n\n\n\n<p><\/p>\n\n\n\n<p class=\"has-medium-font-size\"><strong>Plan de Estudios:<\/strong><\/p>\n\n\n\n<h2 class=\"wp-block-heading has-medium-font-size\"><\/h2>\n\n\n\n<figure class=\"wp-block-table is-style-stripes\"><table><tbody><tr><td><strong>&nbsp;1\u00ba A\u00f1o<\/strong><\/td><td><strong>Unidad Curricular<\/strong><\/td><td><strong>R\u00e9gimen<\/strong><\/td><td><strong>Hs.<\/strong><\/td><\/tr><tr><td><strong>1<\/strong><\/td><td>Relaci\u00f3n Estado &#8211; Sociedad<\/td><td>Cuatrimestral<\/td><td>4<\/td><\/tr><tr><td><strong>2<\/strong><\/td><td>Inform\u00e1tica<\/td><td>Anual<\/td><td>6<\/td><\/tr><tr><td><strong>3<\/strong><\/td><td>Ingl\u00e9s T\u00e9cnico<\/td><td>Anual<\/td><td>4<\/td><\/tr><tr><td><strong>4<\/strong><\/td><td>Matem\u00e1tica<\/td><td>Anual<\/td><td>5<\/td><\/tr><tr><td><strong>5<\/strong><\/td><td>Ofim\u00e1tica<\/td><td>Cuatrimestral<\/td><td>6<\/td><\/tr><tr><td><strong>6<\/strong><\/td><td>Estad\u00edstica y Probabilidad<\/td><td>Cuatrimestral<\/td><td>4<\/td><\/tr><tr><td><strong>7<\/strong><\/td><td>Programaci\u00f3n<\/td><td>Cuatrimestral<\/td><td>5<\/td><\/tr><tr><td><strong>8<\/strong><\/td><td>Arquitectura de Computadoras<\/td><td>Cuatrimestral<\/td><td>4<\/td><\/tr><tr><td><strong>9<\/strong><\/td><td>Pr\u00e1ctica Profesionalizante I<\/td><td>Cuatrimestral<\/td><td>5<\/td><\/tr><tr><td><strong>&nbsp;<\/strong><\/td><td>&nbsp;<\/td><td>&nbsp;<\/td><td>&nbsp;<\/td><\/tr><tr><td><strong>2\u00ba A\u00f1o<\/strong><\/td><\/tr><tr><td><strong>10<\/strong><\/td><td>Sistemas Administrativos<\/td><td>Cuatrimestral<\/td><td>4<\/td><\/tr><tr><td><strong>11<\/strong><\/td><td>Sistemas Operativos<\/td><td>Anual<\/td><td>4<\/td><\/tr><tr><td><strong>12<\/strong><\/td><td>Algoritmos y Estructura de Datos<\/td><td>Cuatrimestral<\/td><td>5<\/td><\/tr><tr><td><strong>13<\/strong><\/td><td>Laboratorio de Programaci\u00f3n I<\/td><td>Anual<\/td><td>5<\/td><\/tr><tr><td><strong>14<\/strong><\/td><td>Cultura y Comunicaci\u00f3n Contempor\u00e1nea<\/td><td>Cuatrimestral<\/td><td>4<\/td><\/tr><tr><td><strong>15<\/strong><\/td><td>Base de Datos I<\/td><td>Anual<\/td><td>4<\/td><\/tr><tr><td><strong>16<\/strong><\/td><td>Planificaci\u00f3n Inform\u00e1tica<\/td><td>Cuatrimestral<\/td><td>6<\/td><\/tr><tr><td><strong>17<\/strong><\/td><td>Pr\u00e1ctica Profesionalizante II<\/td><td>Anual<\/td><td>7<\/td><\/tr><tr><td><strong>&nbsp;<\/strong><\/td><td>&nbsp;<\/td><td>&nbsp;<\/td><td>&nbsp;<\/td><\/tr><tr><td><strong>3\u00ba A\u00f1o<\/strong><\/td><\/tr><tr><td><strong>18<\/strong><\/td><td>Identidad y Desigualdad Sociocultural<\/td><td>Cuatrimestral<\/td><td>4<\/td><\/tr><tr><td><strong>19<\/strong><\/td><td>Ingenier\u00eda de Software<\/td><td>Anual<\/td><td>5<\/td><\/tr><tr><td><strong>20<\/strong><\/td><td>Laboratorio de Programaci\u00f3n II<\/td><td>Anual<\/td><td>4<\/td><\/tr><tr><td><strong>21<\/strong><\/td><td>Procesos Pol\u00edticos, Econ\u00f3micos y el Mundo del Trabajo<\/td><td>Cuatrimestral<\/td><td>4<\/td><\/tr><tr><td><strong>22<\/strong><\/td><td>Base de Datos II<\/td><td>Anual<\/td><td>4<\/td><\/tr><tr><td><strong>23<\/strong><\/td><td>Seguridad Inform\u00e1tica<\/td><td>Cuatrimestral<\/td><td>6<\/td><\/tr><tr><td><strong>24<\/strong><\/td><td>Marco \u00c9tico y Normativo de la Profesi\u00f3n<\/td><td>Cuatrimestral<\/td><td>4<\/td><\/tr><tr><td><strong>25<\/strong><\/td><td>Pr\u00e1ctica Profesionalizante III<\/td><td>Anual<\/td><td>10<\/td><\/tr><\/tbody><\/table><\/figure>\n\n\n\n<h5 class=\"wp-block-heading\" style=\"color:#1e73be;\"><strong>Redes Sociales y Canales de Contacto<\/strong><\/h5>\n\n\n\n<p>A continuaci\u00f3n se encuentran los enlaces oficiales del Instituto Superior de Formaci\u00f3n Docente \u00abJuan Garc\u00eda de Cossio\u00bb. Estos canales se actualizan peri\u00f3dicamente y constituyen los medios formales de comunicaci\u00f3n institucional.<\/p>\n\n\n\n<ul>\n<li>&#x1f4f1; <strong>WhatsApp:<\/strong> <a href=\"[ENLACE_WHATSAPP]\" target=\"_blank\" rel=\"noopener\">Enviar mensaje<\/a><\/li>\n\n\n\n<li>&#x1f4f8; <strong>Instagram:<\/strong> <a href=\"[ENLACE_INSTAGRAM]\" target=\"_blank\" rel=\"noopener\">@usuario_institucional<\/a><\/li>\n\n\n\n<li>&#x1f3b5; <strong>TikTok:<\/strong> <a href=\"[ENLACE_TIKTOK]\" target=\"_blank\" rel=\"noopener\">@usuario_institucional<\/a><\/li>\n\n\n\n<li>&#x25b6;&#xfe0f; <strong>YouTube:<\/strong> <a href=\"[ENLACE_YOUTUBE]\" target=\"_blank\" rel=\"noopener\">Canal institucional<\/a><\/li>\n\n\n\n<li>&#x2716;&#xfe0f; <strong>X (Twitter):<\/strong> <a href=\"https:\/\/x.com\/Tec_Software25?t=OQsH6pUZtahseC_d0E9iUA&amp;s=09\" target=\"_blank\" rel=\"noopener\">@Tec_Software25<\/a><\/li>\n<\/ul>\n\n\n\n<p><p style=\"font-style:italic; color:#555;\">Si alg\u00fan enlace no se encuentra activo, ser\u00e1 actualizado en los pr\u00f3ximos d\u00edas.<\/p><\/p>\n","protected":false},"excerpt":{"rendered":"<p>Establecimiento:&nbsp;Instituto Superior de Formaci\u00f3n Docente&nbsp;\u00ab&nbsp;Juan Garc\u00eda de Cossio\u00bb Denominaci\u00f3n de la Carrera:&nbsp;\u201cTecnicatura Superior en Desarrollo de Software\u201d Decreto\/Resoluci\u00f3n:&nbsp;Resoluci\u00f3n N\u00b0 47\/13 T\u00edtulo que otorga:&nbsp;T\u00e9cnico Superior en Desarrollo de Software &nbsp;Duraci\u00f3n de la carrera:&nbsp;Tres a\u00f1os Plan de Estudios: &nbsp;1\u00ba A\u00f1o Unidad Curricular R\u00e9gimen Hs. 1 Relaci\u00f3n Estado &#8211; Sociedad Cuatrimestral 4 2 Inform\u00e1tica Anual 6 3 Ingl\u00e9s &#8230; <a title=\"Tecnicatura Superior en Desarrollo de Software\" class=\"read-more\" href=\"https:\/\/ifdjcossio-crr.infd.edu.ar\/sitio\/carreras-tecnicas\/tecnicatura-superior-en-desarrollo-de-software\/\" aria-label=\"More on Tecnicatura Superior en Desarrollo de Software\">[+]<\/a><\/p>\n","protected":false},"author":151,"featured_media":0,"parent":1058,"menu_order":0,"comment_status":"closed","ping_status":"closed","template":"","meta":[],"acf":[],"_links":{"self":[{"href":"https:\/\/ifdjcossio-crr.infd.edu.ar\/sitio\/wp-json\/wp\/v2\/pages\/910"}],"collection":[{"href":"https:\/\/ifdjcossio-crr.infd.edu.ar\/sitio\/wp-json\/wp\/v2\/pages"}],"about":[{"href":"https:\/\/ifdjcossio-crr.infd.edu.ar\/sitio\/wp-json\/wp\/v2\/types\/page"}],"author":[{"embeddable":true,"href":"https:\/\/ifdjcossio-crr.infd.edu.ar\/sitio\/wp-json\/wp\/v2\/users\/151"}],"replies":[{"embeddable":true,"href":"https:\/\/ifdjcossio-crr.infd.edu.ar\/sitio\/wp-json\/wp\/v2\/comments?post=910"}],"version-history":[{"count":4,"href":"https:\/\/ifdjcossio-crr.infd.edu.ar\/sitio\/wp-json\/wp\/v2\/pages\/910\/revisions"}],"predecessor-version":[{"id":1163,"href":"https:\/\/ifdjcossio-crr.infd.edu.ar\/sitio\/wp-json\/wp\/v2\/pages\/910\/revisions\/1163"}],"up":[{"embeddable":true,"href":"https:\/\/ifdjcossio-crr.infd.edu.ar\/sitio\/wp-json\/wp\/v2\/pages\/1058"}],"wp:attachment":[{"href":"https:\/\/ifdjcossio-crr.infd.edu.ar\/sitio\/wp-json\/wp\/v2\/media?parent=910"}],"curies":[{"name":"wp","href":"https:\/\/api.w.org\/{rel}","templated":true}]}}