{"id":777,"date":"2018-08-30T13:23:26","date_gmt":"2018-08-30T16:23:26","guid":{"rendered":"https:\/\/ifdjcossio-crr.infd.edu.ar\/sitio\/historia\/"},"modified":"2025-11-06T19:28:47","modified_gmt":"2025-11-06T22:28:47","slug":"historia","status":"publish","type":"page","link":"https:\/\/ifdjcossio-crr.infd.edu.ar\/sitio\/datos-institucionales\/historia\/","title":{"rendered":"Historia Institucional"},"content":{"rendered":"\n<p><strong>INSTITUTO SUPERIOR DE FORMACI\u00d3N DOCENTE \u201cJuan Garc\u00eda de Cossio\u201d <\/strong>&#8211; San Roque-<\/p>\n\n\n\n<ul>\n<li><strong>Breve cronolog\u00eda desde 1.950 a 1.997, tal como se detalla en el Libro Hist\u00f3rico<\/strong><\/li>\n<\/ul>\n\n\n\n<p>La Escuela Normal Superior \u00abJuan Garc\u00eda de Cossio\u00bb ha tenido una larga trayectoria en el medio, desde su fundaci\u00f3n en la d\u00e9cada del &#8217;50.<\/p>\n\n\n\n<p class=\"has-text-align-center\"><strong>A continuaci\u00f3n, se detallan los hitos m\u00e1s importantes de su historia como Instituci\u00f3n.<\/strong><\/p>\n\n\n\n<p>09\/11\/58: Primer reuni\u00f3n efectuada en el Club Social, con asistencia de una gran cantidad de vecinos, \u00e1vidos por conocer la propuesta que dar\u00eda en ella el docente Carlos Mar\u00eda Montiel, entonces, Director de la Escuela Nocturna N\u00b0 3. En esta ocasi\u00f3n, el mencionado docente da a conocer su iniciativa: fundar un Colegio Secundario en San Roque. Por unanimidad es aceptada la iniciativa.<\/p>\n\n\n\n<p>16\/10\/61: El Gobierno de la Provincia de Corrientes provincializa el Instituto Secundario, mediante el decreto N\u00b0 2.287, con el nombre de Escuela Normal Mixta \u00abJuan Garc\u00eda de Cossio\u00bb, y designa al personal con car\u00e1cter provisorio, sujeto a concurso.<\/p>\n\n\n\n<p>11\/06\/80: Inauguraci\u00f3n del nuevo edificio de la Escuela Normal, emplazado en San Mart\u00edn y Desiderio Sosa, en el antiguo emplazamiento de la Escuela N\u00b0 133.<\/p>\n\n\n\n<p>1981: Creaci\u00f3n del Departamento de Orientaci\u00f3n.<\/p>\n\n\n\n<p>1969: Resoluci\u00f3n N\u00b0 316: Promoci\u00f3n de la Escuela Normal de la 3ra categor\u00eda a la 2da.<\/p>\n\n\n\n<p>1984: Decreto 1948\/84: Promoci\u00f3n de la Escuela Normal a la 1ra. categor\u00eda.<\/p>\n\n\n\n<p>10\/12\/84: Resoluci\u00f3n n\u00b0 374: Creaci\u00f3n de la Secci\u00f3n Comercial; a partir de 1985, por 2 (dos) promociones. Decreto 4020\/89- Permanencia definitiva.<\/p>\n\n\n\n<p>1984: Profesorado de Historia y Geograf\u00eda.<\/p>\n\n\n\n<p>1986: Creaci\u00f3n del Profesorado de Jard\u00edn de Infantes, convertido luego en Jard\u00edn Maternal y Jard\u00edn de Infantes- Decreto 1237\/92.<\/p>\n\n\n\n<p><strong>Durante las d\u00e9cadas del 80 y el 90 la Instituci\u00f3n estuvo conducida \u2013 en forma alternada- por los Profesores N\u00e9stor Reinaldo Villalva y Carlos Eduardo Fern\u00e1ndez, respectivamente, en calidad de Rectores.&nbsp;<\/strong><\/p>\n\n\n\n<p><strong>Instituto Formador Docente \u201cJuan Garc\u00eda de Cossio\u201d- A\u00f1o 2.000<\/strong><\/p>\n\n\n\n<p>En el \u00faltimo lustro (posterior al Decreto N\u00b03107\/95 que dispuso el cierre de las Carreras docentes en la provincia de Corrientes), se ha trabajado incesantemente para elaborar el P.E.I. que posibilite la reapertura del nivel superior con la acreditaci\u00f3n de nuevas ofertas educativas enmarcadas en demandas actuales y leyes educativas. Las mismas corresponden al Profesorado de EGB 1 y EGB 2, y Profesorado de Nivel Inicial.<\/p>\n\n\n\n<p>El Proyecto Educativo Institucional y el Dise\u00f1o Curricular Institucional se adaptaron a los requerimientos de la nueva estructura del Sistema Educativo Argentino, tendiente a una educaci\u00f3n de calidad, principio b\u00e1sico de la Transformaci\u00f3n Educativa actual.<\/p>\n\n\n\n<p>Por Resoluci\u00f3n Ministerial 149\/99, el IFD \u201cJuan Garc\u00eda de Cossio\u201d ha acreditado con reservas las Carreras de Profesorado de Nivel Inicial y Profesorado de Primer y Segundo Ciclo de la Educaci\u00f3n General B\u00e1sica.<\/p>\n\n\n\n<p>El 13 (trece) de marzo del a\u00f1o 2.000, por Resoluci\u00f3n Ministerial 146\/00, se habilitan 48 (cuarenta y ocho) horas c\u00e1tedra superiores para el Primer A\u00f1o \u201cU\u201d del Profesorado de Nivel Inicial.&nbsp; Por la misma Resoluci\u00f3n, se habilitan 43 (cuarenta y tres) horas c\u00e1tedra superiores para el Primer A\u00f1o \u201cU\u201d del Profesorado de EGB1 y 2.<\/p>\n\n\n\n<p>Desde el 5 (cinco) de abril del a\u00f1o 2.000, en que se inicia el Ciclo Lectivo, el Instituto de Formaci\u00f3n Docente \u201cJuan Garc\u00eda de Cossio\u201d funciona de manera aut\u00f3noma e independiente de la Escuela Normal hom\u00f3nima, con equipo docente y cuerpo de conducci\u00f3n propios, cuya infraestructura edilicia, equipamiento y mobiliario son compartidos por ambas.<\/p>\n\n\n\n<p>Entre los a\u00f1os 2.004 y 2.005 se inici\u00f3 la b\u00fasqueda de un sitio para la instituci\u00f3n, con el objeto de contar con edificio propio. En el a\u00f1o 2.009, al ser requeridas las aulas de la Escuela Normal, el Instituto se instal\u00f3 en la Escuela N\u00b0134 \u201cFray Jos\u00e9 de la Quintana\u201d por gesti\u00f3n conjunta entre la entonces Directora Marta G\u00f3mez de Pelozo y la Rectora. Progresivamente fueron incorpor\u00e1ndose otras ofertas acad\u00e9micas en el Instituto Sede, en virtud de las disponibilidades \u00e1ulicas.<\/p>\n\n\n\n<p><\/p>\n\n\n\n<p><\/p>\n\n\n\n<p class=\"has-small-font-size\"><\/p>\n\n\n\n<p><\/p>\n\n\n\n<p><\/p>\n","protected":false},"excerpt":{"rendered":"<p>INSTITUTO SUPERIOR DE FORMACI\u00d3N DOCENTE \u201cJuan Garc\u00eda de Cossio\u201d &#8211; San Roque- La Escuela Normal Superior \u00abJuan Garc\u00eda de Cossio\u00bb ha tenido una larga trayectoria en el medio, desde su fundaci\u00f3n en la d\u00e9cada del &#8217;50. A continuaci\u00f3n, se detallan los hitos m\u00e1s importantes de su historia como Instituci\u00f3n. 09\/11\/58: Primer reuni\u00f3n efectuada en el &#8230; <a title=\"Historia Institucional\" class=\"read-more\" href=\"https:\/\/ifdjcossio-crr.infd.edu.ar\/sitio\/datos-institucionales\/historia\/\" aria-label=\"More on Historia Institucional\">[+]<\/a><\/p>\n","protected":false},"author":151,"featured_media":0,"parent":765,"menu_order":0,"comment_status":"closed","ping_status":"closed","template":"","meta":[],"acf":[],"_links":{"self":[{"href":"https:\/\/ifdjcossio-crr.infd.edu.ar\/sitio\/wp-json\/wp\/v2\/pages\/777"}],"collection":[{"href":"https:\/\/ifdjcossio-crr.infd.edu.ar\/sitio\/wp-json\/wp\/v2\/pages"}],"about":[{"href":"https:\/\/ifdjcossio-crr.infd.edu.ar\/sitio\/wp-json\/wp\/v2\/types\/page"}],"author":[{"embeddable":true,"href":"https:\/\/ifdjcossio-crr.infd.edu.ar\/sitio\/wp-json\/wp\/v2\/users\/151"}],"replies":[{"embeddable":true,"href":"https:\/\/ifdjcossio-crr.infd.edu.ar\/sitio\/wp-json\/wp\/v2\/comments?post=777"}],"version-history":[{"count":2,"href":"https:\/\/ifdjcossio-crr.infd.edu.ar\/sitio\/wp-json\/wp\/v2\/pages\/777\/revisions"}],"predecessor-version":[{"id":888,"href":"https:\/\/ifdjcossio-crr.infd.edu.ar\/sitio\/wp-json\/wp\/v2\/pages\/777\/revisions\/888"}],"up":[{"embeddable":true,"href":"https:\/\/ifdjcossio-crr.infd.edu.ar\/sitio\/wp-json\/wp\/v2\/pages\/765"}],"wp:attachment":[{"href":"https:\/\/ifdjcossio-crr.infd.edu.ar\/sitio\/wp-json\/wp\/v2\/media?parent=777"}],"curies":[{"name":"wp","href":"https:\/\/api.w.org\/{rel}","templated":true}]}}