{"id":765,"date":"2018-08-30T13:23:22","date_gmt":"2018-08-30T16:23:22","guid":{"rendered":"https:\/\/ifdjcossio-crr.infd.edu.ar\/sitio\/datos-institucionales\/"},"modified":"2025-11-06T19:47:05","modified_gmt":"2025-11-06T22:47:05","slug":"datos-institucionales","status":"publish","type":"page","link":"https:\/\/ifdjcossio-crr.infd.edu.ar\/sitio\/datos-institucionales\/","title":{"rendered":"Datos Institucionales"},"content":{"rendered":"<blockquote>\n<h4 style=\"text-align: center;\">Instituto Superior de Formaci\u00f3n Docente \u00abJuan Garc\u00eda de Cossio\u00bb &#8211; San Roque (Corrientes).-<\/h4>\n<ul>\n<li>\n<h6>Horario de funcionamiento: Lunes a Viernes de 18:20 a 23:00.-<\/h6>\n<\/li>\n<li>\n<h6>Direcci\u00f3n: San Mart\u00edn 1145 &#8211; San Roque &#8211; Corrientes &#8211; CP: 3448.-<\/h6>\n<\/li>\n<li>\n<h6>Ubicaci\u00f3n en el&nbsp;<a href=\"https:\/\/goo.gl\/maps\/uVFk7QBXY3u\">Mapa.<\/a><\/h6>\n<\/li>\n<li>\n<h6>Correo Institucional: 1801466-00@mec.gob.ar<\/h6>\n<\/li>\n<li>\n<h6>Correo de consultas: areaestudiantescossio@gmail.com \/&nbsp; jgdecossio@gmail.com<\/h6>\n<\/li>\n<li>\n<h6>URL: http:\/\/ifdjcossio.crr.infd.edu.ar<\/h6>\n<\/li>\n<\/ul>\n<\/blockquote>\n","protected":false},"excerpt":{"rendered":"<p>Instituto Superior de Formaci\u00f3n Docente \u00abJuan Garc\u00eda de Cossio\u00bb &#8211; San Roque (Corrientes).- Horario de funcionamiento: Lunes a Viernes de 18:20 a 23:00.- Direcci\u00f3n: San Mart\u00edn 1145 &#8211; San Roque &#8211; Corrientes &#8211; CP: 3448.- Ubicaci\u00f3n en el&nbsp;Mapa. Correo Institucional: 1801466-00@mec.gob.ar Correo de consultas: areaestudiantescossio@gmail.com \/&nbsp; jgdecossio@gmail.com URL: http:\/\/ifdjcossio.crr.infd.edu.ar<\/p>\n","protected":false},"author":151,"featured_media":0,"parent":0,"menu_order":0,"comment_status":"closed","ping_status":"closed","template":"","meta":[],"acf":[],"_links":{"self":[{"href":"https:\/\/ifdjcossio-crr.infd.edu.ar\/sitio\/wp-json\/wp\/v2\/pages\/765"}],"collection":[{"href":"https:\/\/ifdjcossio-crr.infd.edu.ar\/sitio\/wp-json\/wp\/v2\/pages"}],"about":[{"href":"https:\/\/ifdjcossio-crr.infd.edu.ar\/sitio\/wp-json\/wp\/v2\/types\/page"}],"author":[{"embeddable":true,"href":"https:\/\/ifdjcossio-crr.infd.edu.ar\/sitio\/wp-json\/wp\/v2\/users\/151"}],"replies":[{"embeddable":true,"href":"https:\/\/ifdjcossio-crr.infd.edu.ar\/sitio\/wp-json\/wp\/v2\/comments?post=765"}],"version-history":[{"count":5,"href":"https:\/\/ifdjcossio-crr.infd.edu.ar\/sitio\/wp-json\/wp\/v2\/pages\/765\/revisions"}],"predecessor-version":[{"id":1041,"href":"https:\/\/ifdjcossio-crr.infd.edu.ar\/sitio\/wp-json\/wp\/v2\/pages\/765\/revisions\/1041"}],"wp:attachment":[{"href":"https:\/\/ifdjcossio-crr.infd.edu.ar\/sitio\/wp-json\/wp\/v2\/media?parent=765"}],"curies":[{"name":"wp","href":"https:\/\/api.w.org\/{rel}","templated":true}]}}