{"id":286,"date":"2016-10-31T13:17:59","date_gmt":"2016-10-31T16:17:59","guid":{"rendered":"https:\/\/ifdjcossio-crr.infd.edu.ar\/sitio\/?page_id=286"},"modified":"2025-11-17T19:36:16","modified_gmt":"2025-11-17T22:36:16","slug":"inicio","status":"publish","type":"page","link":"https:\/\/ifdjcossio-crr.infd.edu.ar\/sitio\/","title":{"rendered":"Inicio"},"content":{"rendered":"\n<div id=\"metaslider-id-403\" style=\"width: 100%; margin: 0 auto;\" class=\"ml-slider-3-33-0 metaslider metaslider-flex metaslider-403 ml-slider ms-theme-default nav-hidden\" role=\"region\" aria-roledescription=\"Slideshow\" aria-label=\"Slideshow\">\n    <div id=\"metaslider_container_403\">\n        <div id=\"metaslider_403\" class=\"flexslider\">\n            <ul aria-live=\"polite\" class=\"slides\">\n                <li style=\"display: block; width: 100%;\" class=\"slide-609 ms-image\" aria-roledescription=\"slide\" aria-label=\"slide-609\"><a href=\"https:\/\/www.argentina.gob.ar\/educacion\/becas\" target=\"_blank\"><img width=\"1100\" height=\"200\" src=\"https:\/\/ifdjcossio-crr.infd.edu.ar\/sitio\/wp-content\/uploads\/2025\/11\/Imagen_de_WhatsApp_2025-11-11_a_las_20.25.47_eb61c35a-removebg-preview.png\" class=\"slider-403 slide-609\" alt=\"\" decoding=\"async\" loading=\"lazy\" rel=\"\" title=\"Imagen_de_WhatsApp_2025-11-11_a_las_20.25.47_eb61c35a-removebg-preview\" srcset=\"https:\/\/ifdjcossio-crr.infd.edu.ar\/sitio\/wp-content\/uploads\/2025\/11\/Imagen_de_WhatsApp_2025-11-11_a_las_20.25.47_eb61c35a-removebg-preview.png 1100w, https:\/\/ifdjcossio-crr.infd.edu.ar\/sitio\/wp-content\/uploads\/2025\/11\/Imagen_de_WhatsApp_2025-11-11_a_las_20.25.47_eb61c35a-removebg-preview-1000x182.png 1000w, https:\/\/ifdjcossio-crr.infd.edu.ar\/sitio\/wp-content\/uploads\/2025\/11\/Imagen_de_WhatsApp_2025-11-11_a_las_20.25.47_eb61c35a-removebg-preview-768x140.png 768w\" sizes=\"(max-width: 1100px) 100vw, 1100px\" \/><\/a><\/li>\n                <li style=\"display: none; width: 100%;\" class=\"slide-1115 ms-image\" aria-roledescription=\"slide\" aria-label=\"slide-1115\"><a href=\"https:\/\/www.argentina.gob.ar\/tema\/estudiar\/formacion-docencia\" target=\"_self\"><img width=\"1100\" height=\"200\" src=\"https:\/\/ifdjcossio-crr.infd.edu.ar\/sitio\/wp-content\/uploads\/2025\/11\/docencia_074431-removebg-preview.png\" class=\"slider-403 slide-1115\" alt=\"\" decoding=\"async\" loading=\"lazy\" rel=\"\" title=\"docencia_074431-removebg-preview\" srcset=\"https:\/\/ifdjcossio-crr.infd.edu.ar\/sitio\/wp-content\/uploads\/2025\/11\/docencia_074431-removebg-preview.png 1100w, https:\/\/ifdjcossio-crr.infd.edu.ar\/sitio\/wp-content\/uploads\/2025\/11\/docencia_074431-removebg-preview-1000x182.png 1000w, https:\/\/ifdjcossio-crr.infd.edu.ar\/sitio\/wp-content\/uploads\/2025\/11\/docencia_074431-removebg-preview-768x140.png 768w\" sizes=\"(max-width: 1100px) 100vw, 1100px\" \/><\/a><\/li>\n                <li style=\"display: none; width: 100%;\" class=\"slide-988 ms-image\" aria-roledescription=\"slide\" aria-label=\"slide-988\"><a href=\"https:\/\/ifdjcossio-crr.infd.edu.ar\/sitio\/inscripciones\/\" target=\"_self\"><img width=\"1100\" height=\"200\" src=\"https:\/\/ifdjcossio-crr.infd.edu.ar\/sitio\/wp-content\/uploads\/2025\/11\/jj_085100-removebg-preview.png\" class=\"slider-403 slide-988\" alt=\"\" decoding=\"async\" loading=\"lazy\" rel=\"\" title=\"jj_085100-removebg-preview\" srcset=\"https:\/\/ifdjcossio-crr.infd.edu.ar\/sitio\/wp-content\/uploads\/2025\/11\/jj_085100-removebg-preview.png 1100w, https:\/\/ifdjcossio-crr.infd.edu.ar\/sitio\/wp-content\/uploads\/2025\/11\/jj_085100-removebg-preview-1000x182.png 1000w, https:\/\/ifdjcossio-crr.infd.edu.ar\/sitio\/wp-content\/uploads\/2025\/11\/jj_085100-removebg-preview-768x140.png 768w\" sizes=\"(max-width: 1100px) 100vw, 1100px\" \/><\/a><\/li>\n            <\/ul>\n        <\/div>\n        \n    <\/div>\n<\/div>\n\n\n\n<div class=\"wp-block-cover is-light\"><span aria-hidden=\"true\" class=\"wp-block-cover__background has-background-dim-0 has-background-dim\"><\/span><div class=\"wp-block-cover__inner-container\">\n<div class=\"wp-block-group has-base-3-background-color has-background is-layout-constrained\"><div class=\"wp-block-group__inner-container\">\n<p><\/p>\n<table id=\"table1\" class=\"aligncenter\" style=\"border-top-width: 0px; border-left-width: 0px; border-right-width: 0px; width: 782px; height: 935px;\" border=\"1\" cellspacing=\"0\" cellpadding=\"10\">\n<tbody style=\"text-align: left;\">\n<tr style=\"text-align: left;\">\n<td style=\"border: 1px solid; text-align: left;\">\n<p style=\"text-align: center;\"><span style=\"font-family: 'andale mono', times; color: #3e748e; font-size: 18pt;\"><strong>Instituto Superior de Formaci\u00f3n Docente<\/strong><\/span><\/p>\n<p style=\"text-align: center;\"><span style=\"font-family: 'andale mono', times; color: #3e748e; font-size: 18pt;\"><strong>&nbsp;\u00abJuan Garc\u00eda de Cossio\u00bb<\/strong><\/span><\/p>\n<p style=\"text-align: center;\"><span style=\"font-family: 'andale mono', times; color: #3e748e; font-size: 18pt;\"><strong>San Roque &#8211; Corrientes<\/strong><\/span><\/p>\n<p style=\"text-align: center;\"><img decoding=\"async\" loading=\"lazy\" class=\"alignnone  wp-image-885\" src=\"https:\/\/ifdjcossio-crr.infd.edu.ar\/sitio\/wp-content\/uploads\/2023\/04\/sin-fondo-1000x884.png\" alt=\"\" width=\"291\" height=\"257\" srcset=\"https:\/\/ifdjcossio-crr.infd.edu.ar\/sitio\/wp-content\/uploads\/2023\/04\/sin-fondo-1000x884.png 1000w, https:\/\/ifdjcossio-crr.infd.edu.ar\/sitio\/wp-content\/uploads\/2023\/04\/sin-fondo-1900x1679.png 1900w, https:\/\/ifdjcossio-crr.infd.edu.ar\/sitio\/wp-content\/uploads\/2023\/04\/sin-fondo-768x679.png 768w, https:\/\/ifdjcossio-crr.infd.edu.ar\/sitio\/wp-content\/uploads\/2023\/04\/sin-fondo-1536x1358.png 1536w, https:\/\/ifdjcossio-crr.infd.edu.ar\/sitio\/wp-content\/uploads\/2023\/04\/sin-fondo-2048x1810.png 2048w\" sizes=\"(max-width: 291px) 100vw, 291px\" \/><\/p>\n<p><span style=\"font-size: 10pt; color: black; font-family: Verdana;\">E<\/span><span style=\"font-size: 10pt; color: black; font-family: Verdana;\">ste Instituto Superior de Formaci\u00f3n Docente forma parte del sistema de educaci\u00f3n p\u00fablica de gesti\u00f3n estatal.<\/span> <span style=\"font-size: 10pt; color: black; font-family: Verdana;\">A trav\u00e9s de este sitio en Internet, nuestro Instituto podr\u00e1 comunicar novedades, acercar informaci\u00f3n, compartir experiencias y brindar apoyo y asesoramiento a&nbsp;alumnos, docentes e interesados en formar parte de esta comunidad educativa.<\/span> <span style=\"font-size: 14pt; color: black; font-family: Verdana;\">&nbsp;<\/span><span style=\"font-size: 10pt; color: black; font-family: Verdana;\">Junto con varios cientos de Institutos, integramos la <strong><em><span style=\"font-family: Verdana;\">Red&nbsp;Virtual de Institutos Superiores de Formaci\u00f3n Docente<\/span><\/em><\/strong>&nbsp;coordinada por el <strong><span style=\"font-family: Verdana;\">INFD<\/span><\/strong> (Instituto Nacional de Formaci\u00f3n Docente) dependiente del Ministerio de Educaci\u00f3n de la Naci\u00f3n Argentina.<\/span><\/p>\n<div style=\"text-align: center;\"><span style=\"font-size: 8pt;\"><em><span style=\"font-family: georgia,palatino;\">\u00abSi los pueblos no se ilustran, si no se vulgarizan sus derechos, si cada hombre no conoce lo que vale lo que puede y lo que se le debe, nuevas ilusiones suceder\u00e1n a las antiguas, y despu\u00e9s de vacilar alg\u00fan tiempo entre mil incertidumbres, ser\u00e1 tal vez nuestra suerte&nbsp; mudar de tiranos sin destruir la tiran\u00eda\u00bb<\/span><\/em><\/span><span style=\"font-size: 12pt;\"><span style=\"color: #000000;\">&nbsp;<\/span><\/span><\/div>\n<div style=\"text-align: center;\"><span style=\"font-size: 12pt;\"><span style=\"color: #000000;\">&nbsp;<\/span><\/span> <span style=\"font-size: 8pt;\"><span style=\"color: #888888;\">Mariano Moreno, 1810, Pr\u00f3logo a la traducci\u00f3n de \u00abEl contrato social\u00bb de Rousseau<\/span><\/span><\/div>\n<\/td>\n<\/tr>\n<\/tbody>\n<\/table>\n<\/div><\/div>\n<\/div><\/div>\n","protected":false},"excerpt":{"rendered":"","protected":false},"author":1,"featured_media":0,"parent":0,"menu_order":0,"comment_status":"closed","ping_status":"closed","template":"","meta":[],"acf":[],"_links":{"self":[{"href":"https:\/\/ifdjcossio-crr.infd.edu.ar\/sitio\/wp-json\/wp\/v2\/pages\/286"}],"collection":[{"href":"https:\/\/ifdjcossio-crr.infd.edu.ar\/sitio\/wp-json\/wp\/v2\/pages"}],"about":[{"href":"https:\/\/ifdjcossio-crr.infd.edu.ar\/sitio\/wp-json\/wp\/v2\/types\/page"}],"author":[{"embeddable":true,"href":"https:\/\/ifdjcossio-crr.infd.edu.ar\/sitio\/wp-json\/wp\/v2\/users\/1"}],"replies":[{"embeddable":true,"href":"https:\/\/ifdjcossio-crr.infd.edu.ar\/sitio\/wp-json\/wp\/v2\/comments?post=286"}],"version-history":[{"count":130,"href":"https:\/\/ifdjcossio-crr.infd.edu.ar\/sitio\/wp-json\/wp\/v2\/pages\/286\/revisions"}],"predecessor-version":[{"id":1141,"href":"https:\/\/ifdjcossio-crr.infd.edu.ar\/sitio\/wp-json\/wp\/v2\/pages\/286\/revisions\/1141"}],"wp:attachment":[{"href":"https:\/\/ifdjcossio-crr.infd.edu.ar\/sitio\/wp-json\/wp\/v2\/media?parent=286"}],"curies":[{"name":"wp","href":"https:\/\/api.w.org\/{rel}","templated":true}]}}